e
Is 29 a factor of 13256?
False
Is 80 a factor of 5600?
True
Does 6 divide 2131?
False
Is 3978 a multiple of 48?
False
Does 41 divide 37182?
False
Is 5850 a multiple of 6?
True
Does 36 divide 776?
False
Does 56 divide 1384?
False
Is 84 a factor of 2016?
True
Is 61 a factor of 7460?
False
Does 50 divide 1401?
False
Does 36 divide 482?
False
Is 15 a factor of 8040?
True
Is 14 a factor of 1176?
True
Does 27 divide 20250?
True
Does 42 divide 1740?
False
Is 9324 a multiple of 21?
True
Does 26 divide 286?
True
Is 5123 a multiple of 48?
False
Is 28 a factor of 7561?
False
Is 19 a factor of 3848?
False
Is 14 a factor of 1013?
False
Is 768 a multiple of 8?
True
Is 111 a factor of 22184?
False
Is 40 a factor of 40920?
True
Does 18 divide 36?
True
Does 21 divide 315?
True
Is 40 a factor of 6832?
False
Does 33 divide 716?
False
Is 115 a factor of 36286?
False
Is 48 a factor of 432?
True
Does 32 divide 7968?
True
Is 28 a factor of 868?
True
Is 5053 a multiple of 68?
False
Does 7 divide 1449?
True
Is 74 a factor of 64183?
False
Does 446 divide 66900?
True
Does 11 divide 22946?
True
Does 34 divide 3128?
True
Is 10 a factor of 51360?
True
Is 7 a factor of 7489?
False
Is 49 a factor of 63?
False
Is 43 a factor of 47879?
False
Is 5 a multiple of 2?
False
Is 129 a factor of 73401?
True
Does 64 divide 1728?
True
Is 2 a factor of 690?
True
Is 5 a factor of 1046?
False
Does 95 divide 2458?
False
Does 12 divide 1113?
False
Is 122 a factor of 62252?
False
Does 21 divide 20883?
False
Is 25007 a multiple of 18?
False
Does 9 divide 140895?
True
Is 49 a factor of 13230?
True
Is 28 a factor of 36204?
True
Does 2 divide 117?
False
Is 23 a multiple of 2?
False
Does 53 divide 1908?
True
Is 6965 a multiple of 49?
False
Is 45809 a multiple of 19?
True
Is 14 a factor of 9058?
True
Does 82 divide 15165?
False
Is 124 a factor of 7706?
False
Is 30 a factor of 644?
False
Is 6140 a multiple of 38?
False
Is 672 a multiple of 16?
True
Is 6 a factor of 84?
True
Is 6162 a multiple of 78?
True
Does 16 divide 1971?
False
Is 110936 a multiple of 301?
False
Is 12825 a multiple of 95?
True
Is 2260 even?
True
Is 999 a multiple of 111?
True
Is 16 a factor of 48975?
False
Is 37 a factor of 1336?
False
Does 15 divide 19389?
False
Does 54 divide 35154?
True
Does 92 divide 10120?
True
Is 9 a factor of 1161?
True
Does 9 divide 311?
False
Does 147 divide 12936?
True
Does 10 divide 5350?
True
Is 20 a factor of 1277?
False
Is 19 a factor of 15219?
True
Is 56 a factor of 540?
False
Is 10503 a multiple of 121?
False
Is 26 a factor of 561?
False
Is 2 a factor of 1657?
False
Is 23 a factor of 96473?
False
Is 575 a multiple of 25?
True
Is 40895 a multiple of 37?
False
Does 12 divide 24264?
True
Is 3604 a multiple of 11?
False
Does 65 divide 6500?
True
Is 12608 a multiple of 16?
True
Is 41 a factor of 361?
False
Is 2002 a multiple of 49?
False
Is 6 a factor of 4994?
False
Is 11 a factor of 2145?
True
Is 39 a factor of 462?
False
Is 14854 a multiple of 15?
False
Is 40 a factor of 86?
False
Is 1369 a multiple of 26?
False
Is 105 a factor of 2835?
True
Is 7 a factor of 27?
False
Is 18 a factor of 4860?
True
Is 215 a factor of 51611?
False
Does 31 divide 248?
True
Is 20 a factor of 119?
False
Is 43 a factor of 251?
False
Is 9 a factor of 310?
False
Is 5 a factor of 1492?
False
Is 42 a factor of 11695?
False
Is 6 a factor of 67836?
True
Is 9 a factor of 6615?
True
Is 930 a multiple of 10?
True
Is 476 a multiple of 68?
True
Is 7136 a multiple of 8?
True
Is 28 a factor of 662?
False
Does 11 divide 34452?
True
Does 45 divide 29655?
True
Is 183 a factor of 2562?
True
Is 23 a factor of 23?
True
Does 8 divide 11643?
False
Is 17229 a multiple of 4?
False
Does 192 divide 27072?
True
Is 78 a multiple of 26?
True
Does 17 divide 57854?
False
Is 126 a factor of 990?
False
Does 11 divide 55944?
False
Is 46 a factor of 24014?
False
Does 9 divide 585?
True
Does 42 divide 252?
True
Does 43 divide 77700?
False
Is 61950 a multiple of 150?
True
Is 15 a factor of 41565?
True
Is 85 a factor of 42254?
False
Is 159 a factor of 14628?
True
Is 7439 a multiple of 43?
True
Is 261 a multiple of 6?
False
Is 152 a factor of 20155?
False
Does 39 divide 5778?
False
Is 8060 a multiple of 103?
False
Is 110 a factor of 1210?
True
Is 38 a factor of 176049?
False
Is 15 a factor of 390?
True
Is 19 a factor of 285?
True
Is 825 a multiple of 33?
True
Is 512 a multiple of 8?
True
Does 12 divide 8170?
False
Does 6 divide 372?
True
Is 2054 a multiple of 51?
False
Is 51 a factor of 64362?
True
Is 13 a factor of 4804?
False
Is 7 a factor of 1195?
False
Is 284 a multiple of 26?
False
Is 3990 a multiple of 35?
True
Is 456 a multiple of 38?
True
Does 63 divide 1231?
False
Is 47 a factor of 94?
True
Does 28 divide 1204?
True
Is 29 a factor of 1247?
True
Is 5550 a multiple of 30?
True
Is 178 a factor of 12460?
True
Is 3 a factor of 880?
False
Is 7866 a multiple of 69?
True
Is 4 a factor of 315?
False
Is 2099 a multiple of 79?
False
Does 34 divide 618?
False
Does 2 divide 3590?
True
Is 1593 a multiple of 14?
False
Does 343 divide 191394?
True
Is 24111 a multiple of 76?
False
Is 78 a factor of 29016?
True
Is 10863 a multiple of 10?
False
Is 69 a factor of 61893?
True
Is 761 a multiple of 28?
False
Is 194 a multiple of 11?
False
Is 48705 a multiple of 226?
False
Does 476 divide 101647?
False
Is 12 a factor of 7416?
True
Does 32 divide 2560?
True
Is 9089 a multiple of 149?
True
Is 24 a factor of 4296?
True
Is 141 a multiple of 13?
False
Does 34 divide 45?
False
Does 10 divide 48915?
False
Is 378 a multiple of 42?
True
Is 26 a factor of 900?
False
Is 29 a factor of 37590?
False
Is 1794 a multiple of 10?
False
Is 2940 a multiple of 15?
True
Is 1474 a multiple of 67?
True
Does 3 divide 16913?
False
Is 33 a factor of 43065?
True
Does 16 divide 78464?
True
Is 5 a factor of 48?
False
Is 67905 a multiple of 280?
False
Does 33 divide 2838?
True
Is 5 a factor of 765?
True
Is 36 a factor of 762?
False
Is 3998 a multiple of 51?
False
Does 21 divide 3672?
False
Is 39 a factor of 1365?
True
Does 2 divide 2132?
True
Is 220 a multiple of 10?
True
Is 1288 a multiple of 19?
False
Is 95 a factor of 19760?
True
Is 4 a factor of 45?
False
Is 10 a factor of 1950?
True
Does 12 divide 636?
True
Does 9 divide 3426?
False
Does 13 divide 4446?
True
Does 94 divide 611?
False
Is 3 a factor of 536?
False
Does 15 divide 1694?
False
Does 22 divide 372?
False
Does 98 divide 3724?
True
Is 60 a factor of 20493?
False
Is 6 a factor of 194?
False
Is 450 a multiple of 18?
True
Is 28 a factor of 6050?
False
Is 15 a factor of 7640?
False
Does 22 divide 66?
True
Is 21 a factor of 49645?
False
Does 46 divide 1819?
False
Does 122 divide 3278?
False
Does 151 divide 8236?
False
Is 28 a factor of 40852?
True
Is 4780 a multiple of 45?
False
Does 30 divide 12948?
False
Is 20 a factor of 1580?
True
Does 10 divide 580?
True
Does 87 divide 174?
True
Is 3465 a multiple of 9?
True
Is 1592 a multiple of 65?
False
Is 24536 a multiple of 52?
False
Is 9 a factor of 28?
False
Is 2322 even?
True
Is 27 a multiple of 7?
False
Is 38 a factor of 2014?
True
Is 8 a factor of 16872?
True
Is 31 a factor of 322?
False
Is 1825 a multiple of 25?
True
Does 28 divide 254?
False
Is 400 a multiple of 8?
True
Is 8 a factor of 728?
True
Is 32264 a multiple of 138?
False
Does 22 divide 8834?
False
Does 7 divide 560?
True
Is 94 a factor of 6204?
True
Is 4 a factor of 27768?
True
Does 14 divide 34769?
False
Does 4 divide 110?
False
Does 76 divide 1051?
False
Is 4 a factor of 198?
False
Does 19 divide 16261?
False
Is 150 a multiple of 6?
True
Is 18 a factor of 96?
False
Does 20 divide 28302?
False
Is 36 a factor of 72657?
False
Is 89 a multiple of 4?
False
Is 28 a factor of 249?
False
Does 29 divide 290?
True
Does 14 divide 3562?
False
Does 5 divide 1465?
True
Is 5391 a multiple of 14?
False
Is 213 a multiple of 2?
False
Is 770 a multiple of 34?
False
Is 3 a factor of 2382?
True
Does 7 divide 2118?
False
Is 10720 a multiple of 10?
True
Is 26 a factor of 271?
False
Is 19 a factor of 12697?
False
Is 11 a factor of 6193?
True
Is 50 a factor of 1131?
False
Does 55 divide 1375?
True
Is 255 a multiple of 14?
False
Is 42 a multiple of 21?
True
Does 12 divide 213?
False
Is 838 a multiple of 39?
False
Is 8 a factor of 1775?
False
Is 24 a factor 